{"id":10,"date":"2023-04-01T17:28:44","date_gmt":"2023-04-01T15:28:44","guid":{"rendered":"http:\/\/loeilletvert.ovh\/?page_id=10"},"modified":"2023-04-01T17:28:44","modified_gmt":"2023-04-01T15:28:44","slug":"biscotte","status":"publish","type":"page","link":"https:\/\/loeilletvert.ovh\/?page_id=10","title":{"rendered":"Biscotte"},"content":{"rendered":"\n<figure class=\"wp-block-image size-large\"><img loading=\"lazy\" decoding=\"async\" width=\"1024\" height=\"683\" src=\"http:\/\/loeilletvert.ovh\/wp-content\/uploads\/2023\/04\/295653848_448993910570203_8855509052163751627_n-1024x683.jpg\" alt=\"\" class=\"wp-image-11\" srcset=\"https:\/\/loeilletvert.ovh\/wp-content\/uploads\/2023\/04\/295653848_448993910570203_8855509052163751627_n-1024x683.jpg 1024w, https:\/\/loeilletvert.ovh\/wp-content\/uploads\/2023\/04\/295653848_448993910570203_8855509052163751627_n-300x200.jpg 300w, https:\/\/loeilletvert.ovh\/wp-content\/uploads\/2023\/04\/295653848_448993910570203_8855509052163751627_n-768x512.jpg 768w, https:\/\/loeilletvert.ovh\/wp-content\/uploads\/2023\/04\/295653848_448993910570203_8855509052163751627_n-1536x1024.jpg 1536w, https:\/\/loeilletvert.ovh\/wp-content\/uploads\/2023\/04\/295653848_448993910570203_8855509052163751627_n.jpg 2048w\" sizes=\"auto, (max-width: 1024px) 100vw, 1024px\" \/><\/figure>\n\n\n\n<p><strong>Cat\u00e9gorie&nbsp;: <\/strong>Pi\u00e8ce de th\u00e9\u00e2tre<\/p>\n\n\n\n<p><strong>Genre&nbsp;: <\/strong>Com\u00e9die \u2013 Tous publics<\/p>\n\n\n\n<p><strong>Organisateur&nbsp;: <\/strong>Compagnie th\u00e9\u00e2trale de l\u2019\u0153illet vert<\/p>\n\n\n\n<p><strong>Auteur&nbsp;: <\/strong>Christian, Danielle et Dorian MORRIS<\/p>\n\n\n\n<p><strong>Metteur en sc\u00e8ne&nbsp;: <\/strong>Dorian MORRIS<\/p>\n\n\n\n<p><strong>Com\u00e9diens&nbsp;: <\/strong>Christian, Danielle et Dorian MORRIS<\/p>\n\n\n\n<p><strong>Synopsis&nbsp;: <\/strong>Olivier, alias Biscotte, la trentaine, \u00e9tudiant forcen\u00e9, \u00e9ternel locataire de ses parents, a-t-il enfin rencontr\u00e9 quelqu\u2019un&nbsp;? Mais au fait, est-il sorti du ventre de sa m\u00e8re ou a-t-il \u00e9t\u00e9 d\u00e9barqu\u00e9 dans une for\u00eat par une soucoupe volante&nbsp;? Bon sang, pourquoi ses parents ne comprennent-ils pas que c\u2019est lui qui a quelque chose \u00e0 leur transmettre pour leur permettre enfin de sortir de leur boite&nbsp;?<\/p>\n\n\n\n<p>BISCOTTE est une pi\u00e8ce pleine d\u2019humour, d\u00e9cal\u00e9e, quelquefois absurde, mais toujours pleine de sens, qui ouvre sur la tol\u00e9rance.<\/p>\n\n\n\n<p><strong>Dur\u00e9e&nbsp;: <\/strong>1 h 10<\/p>\n\n\n\n<p><strong>Contact&nbsp;: <\/strong><a href=\"mailto:compagniedeloeilletvert@gmail.com\">compagniedeloeilletvert@gmail.com<\/a>&nbsp; &#8211;&nbsp; 06 61 25 96 64<\/p>\n\n\n\n<p><strong>Repr\u00e9sentations&nbsp;: <\/strong>Salle Moli\u00e8re de Roquebrune-sur-Argens (pr\u00e9c\u00e9dente mise en sc\u00e8ne), le 21\/05\/2022, Nuits-Off le 22\/07\/2022 et 01\/08\/2022, Festival perch\u00e9 le 05\/08\/2022 et 13\/08\/2022\u2026<\/p>\n\n\n\n<p><\/p>\n\n\n\n<figure class=\"wp-block-image size-full\"><img loading=\"lazy\" decoding=\"async\" width=\"675\" height=\"878\" src=\"http:\/\/loeilletvert.ovh\/wp-content\/uploads\/2023\/04\/BISCOTTE-300-dpi.jpg\" alt=\"\" class=\"wp-image-12\" srcset=\"https:\/\/loeilletvert.ovh\/wp-content\/uploads\/2023\/04\/BISCOTTE-300-dpi.jpg 675w, https:\/\/loeilletvert.ovh\/wp-content\/uploads\/2023\/04\/BISCOTTE-300-dpi-231x300.jpg 231w\" sizes=\"auto, (max-width: 675px) 100vw, 675px\" \/><\/figure>\n\n\n\n<p><\/p>\n","protected":false},"excerpt":{"rendered":"<p>Cat\u00e9gorie&nbsp;: Pi\u00e8ce de th\u00e9\u00e2tre Genre&nbsp;: Com\u00e9die \u2013 Tous publics Organisateur&nbsp;: Compagnie th\u00e9\u00e2trale de l\u2019\u0153illet vert Auteur&nbsp;: Christian, Danielle et Dorian MORRIS Metteur en sc\u00e8ne&nbsp;: Dorian MORRIS Com\u00e9diens&nbsp;: Christian, Danielle et Dorian MORRIS Synopsis&nbsp;: Olivier, alias Biscotte, la trentaine, \u00e9tudiant forcen\u00e9, \u00e9ternel locataire de ses parents, a-t-il enfin rencontr\u00e9 quelqu\u2019un&nbsp;? Mais au fait, est-il sorti du [&hellip;]<\/p>\n","protected":false},"author":1,"featured_media":0,"parent":0,"menu_order":0,"comment_status":"closed","ping_status":"closed","template":"","meta":{"_monsterinsights_skip_tracking":false,"_monsterinsights_sitenote_active":false,"_monsterinsights_sitenote_note":"","_monsterinsights_sitenote_category":0,"footnotes":""},"class_list":["post-10","page","type-page","status-publish","hentry"],"_links":{"self":[{"href":"https:\/\/loeilletvert.ovh\/index.php?rest_route=\/wp\/v2\/pages\/10","targetHints":{"allow":["GET"]}}],"collection":[{"href":"https:\/\/loeilletvert.ovh\/index.php?rest_route=\/wp\/v2\/pages"}],"about":[{"href":"https:\/\/loeilletvert.ovh\/index.php?rest_route=\/wp\/v2\/types\/page"}],"author":[{"embeddable":true,"href":"https:\/\/loeilletvert.ovh\/index.php?rest_route=\/wp\/v2\/users\/1"}],"replies":[{"embeddable":true,"href":"https:\/\/loeilletvert.ovh\/index.php?rest_route=%2Fwp%2Fv2%2Fcomments&post=10"}],"version-history":[{"count":1,"href":"https:\/\/loeilletvert.ovh\/index.php?rest_route=\/wp\/v2\/pages\/10\/revisions"}],"predecessor-version":[{"id":13,"href":"https:\/\/loeilletvert.ovh\/index.php?rest_route=\/wp\/v2\/pages\/10\/revisions\/13"}],"wp:attachment":[{"href":"https:\/\/loeilletvert.ovh\/index.php?rest_route=%2Fwp%2Fv2%2Fmedia&parent=10"}],"curies":[{"name":"wp","href":"https:\/\/api.w.org\/{rel}","templated":true}]}}