{"id":31,"date":"2023-04-01T17:47:33","date_gmt":"2023-04-01T15:47:33","guid":{"rendered":"http:\/\/loeilletvert.ovh\/?page_id=31"},"modified":"2023-04-01T17:47:33","modified_gmt":"2023-04-01T15:47:33","slug":"ma-belle-mere-est-une-sorciere","status":"publish","type":"page","link":"https:\/\/loeilletvert.ovh\/?page_id=31","title":{"rendered":"Ma belle m\u00e8re est une sorci\u00e8re"},"content":{"rendered":"\n<p><\/p>\n\n\n\n<figure class=\"wp-block-image size-large\"><img loading=\"lazy\" decoding=\"async\" width=\"1024\" height=\"768\" src=\"http:\/\/loeilletvert.ovh\/wp-content\/uploads\/2023\/04\/DSC02010-1024x768.jpg\" alt=\"\" class=\"wp-image-32\" srcset=\"https:\/\/loeilletvert.ovh\/wp-content\/uploads\/2023\/04\/DSC02010-1024x768.jpg 1024w, https:\/\/loeilletvert.ovh\/wp-content\/uploads\/2023\/04\/DSC02010-300x225.jpg 300w, https:\/\/loeilletvert.ovh\/wp-content\/uploads\/2023\/04\/DSC02010-768x576.jpg 768w, https:\/\/loeilletvert.ovh\/wp-content\/uploads\/2023\/04\/DSC02010-1536x1152.jpg 1536w, https:\/\/loeilletvert.ovh\/wp-content\/uploads\/2023\/04\/DSC02010-2048x1536.jpg 2048w\" sizes=\"auto, (max-width: 1024px) 100vw, 1024px\" \/><\/figure>\n\n\n\n<p><strong>Cat\u00e9gorie&nbsp;:<\/strong> Pi\u00e8ce de th\u00e9\u00e2tre<\/p>\n\n\n\n<p><strong>Genre&nbsp;:<\/strong> Com\u00e9die \u2013 Tous publics<\/p>\n\n\n\n<p><strong>Organisateur&nbsp;:<\/strong> Compagnie th\u00e9\u00e2trale de l\u2019\u0153illet vert<\/p>\n\n\n\n<p><strong>Auteur&nbsp;:<\/strong> Christian MORRIS<\/p>\n\n\n\n<p><strong>Com\u00e9diens&nbsp;:<\/strong> C\u00e9line BARNIAUDY, Dorian MORRIS, Danielle MORRIS, Christian MORRIS<\/p>\n\n\n\n<p><strong>Metteur en sc\u00e8ne&nbsp;:<\/strong> Dorian MORRIS<\/p>\n\n\n\n<p><strong>Synopsis&nbsp;:<\/strong> Samantha, femme fantasque et color\u00e9e &#8211; m\u00e8re d&#8217;Aude et, de ce fait, belle-m\u00e8re de Bertrand, directeur d&#8217;une entreprise parisienne d&#8217;informatique &#8211; est d\u00e9c\u00e9d\u00e9e dans un tragique accident d&#8217;avion, quelques ann\u00e9es auparavant. Quel cr\u00e9dit accorder alors \u00e0 ce SMS surr\u00e9aliste, qui annonce pourtant son retour !<br>C&#8217;est bien elle qui, semblant revenir du royaume des morts, d\u00e9barque \u00e0 l&#8217;improviste dans la vie lin\u00e9aire et bourgeoise de sa fille et de son gendre, d\u00e9clenchant, d\u00e8s lors, une r\u00e9action en cha\u00eene de catastrophes et de situations plus folles et invraisemblables les unes que les autres.<br>&#8220;Ma belle-m\u00e8re est une sorci\u00e8re&#8221;, \u00e0 la crois\u00e9e du new-age et d&#8217;une psychanalyse revisit\u00e9e, est une pi\u00e8ce tr\u00e8s dr\u00f4le aux multiples rebondissements, qui d\u00e9bouchera sur une r\u00e9v\u00e9lation inattendue, et am\u00e8nera chacun(e) \u00e0 s&#8217;interroger sur les myst\u00e9rieux pouvoirs qui dorment en nous, et qui n&#8217;attendent que l&#8217;occasion de se r\u00e9veiller, pour notre plus grand plaisir !&nbsp;<\/p>\n\n\n\n<p><strong>Dur\u00e9e&nbsp;:<\/strong> 1 h 30<\/p>\n\n\n\n<p><a><strong>Contact&nbsp;: <\/strong><\/a><a href=\"mailto:compagniedeloeilletvert@gmail.com\">compagniedeloeilletvert@gmail.com<\/a><\/p>\n\n\n\n<p><strong>Visuel\u00a0: <\/strong>YouTube \u00ab\u00a0<a href=\"https:\/\/www.youtube.com\/watch?v=-wMBropPvO8&amp;t=11s\" data-type=\"URL\" data-id=\"https:\/\/www.youtube.com\/watch?v=-wMBropPvO8&amp;t=11s\">Ma belle-m\u00e8re est une sorci\u00e8re<\/a>\u00a0\u00bb &#8211; com\u00e9die de Christian MORRIS <\/p>\n\n\n\n<p><strong>Repr\u00e9sentations\u00a0: <\/strong>Salle Moli\u00e8re Roquebrune-sur-Argens 11\/01\/2020\u00a0; Th\u00e9\u00e2tre l\u2019Alphabet Nice 23\/02\/2020\u00a0; Nuits-Off Villa Marie 29\/07\/2020\u00a0; Ferme Oamaru, Les Arcs 08\/08\/2020\u00a0; Festival Perch\u00e9 Th\u00e9\u00e2tre de Verdure Draguignan 16\/08\/2021\u00a0; Nuits-Off Parc Ar\u00e9ca 26\/07\/2021.<\/p>\n\n\n\n<figure class=\"wp-block-image size-large\"><img loading=\"lazy\" decoding=\"async\" width=\"724\" height=\"1024\" src=\"http:\/\/loeilletvert.ovh\/wp-content\/uploads\/2023\/04\/SORCIERE-300-DPI-724x1024.jpg\" alt=\"\" class=\"wp-image-33\" srcset=\"https:\/\/loeilletvert.ovh\/wp-content\/uploads\/2023\/04\/SORCIERE-300-DPI-724x1024.jpg 724w, https:\/\/loeilletvert.ovh\/wp-content\/uploads\/2023\/04\/SORCIERE-300-DPI-212x300.jpg 212w, https:\/\/loeilletvert.ovh\/wp-content\/uploads\/2023\/04\/SORCIERE-300-DPI-768x1086.jpg 768w, https:\/\/loeilletvert.ovh\/wp-content\/uploads\/2023\/04\/SORCIERE-300-DPI-1086x1536.jpg 1086w, https:\/\/loeilletvert.ovh\/wp-content\/uploads\/2023\/04\/SORCIERE-300-DPI-1448x2048.jpg 1448w, https:\/\/loeilletvert.ovh\/wp-content\/uploads\/2023\/04\/SORCIERE-300-DPI-scaled.jpg 1810w\" sizes=\"auto, (max-width: 724px) 100vw, 724px\" \/><\/figure>\n","protected":false},"excerpt":{"rendered":"<p>Cat\u00e9gorie&nbsp;: Pi\u00e8ce de th\u00e9\u00e2tre Genre&nbsp;: Com\u00e9die \u2013 Tous publics Organisateur&nbsp;: Compagnie th\u00e9\u00e2trale de l\u2019\u0153illet vert Auteur&nbsp;: Christian MORRIS Com\u00e9diens&nbsp;: C\u00e9line BARNIAUDY, Dorian MORRIS, Danielle MORRIS, Christian MORRIS Metteur en sc\u00e8ne&nbsp;: Dorian MORRIS Synopsis&nbsp;: Samantha, femme fantasque et color\u00e9e &#8211; m\u00e8re d&#8217;Aude et, de ce fait, belle-m\u00e8re de Bertrand, directeur d&#8217;une entreprise parisienne d&#8217;informatique &#8211; est [&hellip;]<\/p>\n","protected":false},"author":1,"featured_media":0,"parent":0,"menu_order":0,"comment_status":"closed","ping_status":"closed","template":"","meta":{"_monsterinsights_skip_tracking":false,"_monsterinsights_sitenote_active":false,"_monsterinsights_sitenote_note":"","_monsterinsights_sitenote_category":0,"footnotes":""},"class_list":["post-31","page","type-page","status-publish","hentry"],"_links":{"self":[{"href":"https:\/\/loeilletvert.ovh\/index.php?rest_route=\/wp\/v2\/pages\/31","targetHints":{"allow":["GET"]}}],"collection":[{"href":"https:\/\/loeilletvert.ovh\/index.php?rest_route=\/wp\/v2\/pages"}],"about":[{"href":"https:\/\/loeilletvert.ovh\/index.php?rest_route=\/wp\/v2\/types\/page"}],"author":[{"embeddable":true,"href":"https:\/\/loeilletvert.ovh\/index.php?rest_route=\/wp\/v2\/users\/1"}],"replies":[{"embeddable":true,"href":"https:\/\/loeilletvert.ovh\/index.php?rest_route=%2Fwp%2Fv2%2Fcomments&post=31"}],"version-history":[{"count":1,"href":"https:\/\/loeilletvert.ovh\/index.php?rest_route=\/wp\/v2\/pages\/31\/revisions"}],"predecessor-version":[{"id":34,"href":"https:\/\/loeilletvert.ovh\/index.php?rest_route=\/wp\/v2\/pages\/31\/revisions\/34"}],"wp:attachment":[{"href":"https:\/\/loeilletvert.ovh\/index.php?rest_route=%2Fwp%2Fv2%2Fmedia&parent=31"}],"curies":[{"name":"wp","href":"https:\/\/api.w.org\/{rel}","templated":true}]}}